 a composite number?
False
Is 7501219177 a prime number?
True
Is 3255952313 composite?
False
Is 65338104935 a composite number?
True
Is 14592514483 a composite number?
True
Is 36363917 composite?
True
Is 255017000977 a composite number?
True
Is 298085261 composite?
True
Is 76820880349 a composite number?
False
Is 2980914221 prime?
True
Is 1025919761 a composite number?
True
Is 6738040343 a prime number?
True
Is 11311680137 a composite number?
False
Is 671260489 a prime number?
True
Is 5391711953 prime?
True
Is 6905292269 prime?
True
Is 603087637 a composite number?
True
Is 2525255713 a composite number?
False
Is 52397874479 composite?
False
Is 63131449153 a prime number?
False
Is 90252958057 a composite number?
True
Is 8564452153 prime?
False
Is 5555785943 prime?
True
Is 9076054411 a prime number?
False
Is 1453290593 a prime number?
False
Is 4213065903 a composite number?
True
Is 29949925583 prime?
True
Is 1937263583 a prime number?
True
Is 5241348061 a composite number?
False
Is 9956537 composite?
False
Is 4400973343 composite?
True
Is 4783058257 a prime number?
False
Is 1106909509 a composite number?
True
Is 669398269 a composite number?
False
Is 5225324515 composite?
True
Is 4542933077 a composite number?
True
Is 11053821479 a composite number?
False
Is 1535939477 a composite number?
True
Is 1548153251 composite?
False
Is 1881365113 a composite number?
False
Is 3805088785 composite?
True
Is 24278814491 prime?
True
Is 98636333797 a composite number?
False
Is 220479997 a prime number?
False
Is 675746779 prime?
False
Is 174681209 composite?
False
Is 13532107091 prime?
True
Is 554794967 a composite number?
True
Is 221343003239 prime?
True
Is 198645379 a composite number?
False
Is 3100779679 a prime number?
True
Is 75110953189 prime?
False
Is 15726456523 a prime number?
True
Is 10658215291 a composite number?
True
Is 1882421767 composite?
False
Is 3546095107 composite?
False
Is 4747091857 a composite number?
False
Is 8845991879 a prime number?
True
Is 1488639539 a composite number?
False
Is 303204313 prime?
True
Is 1061284951 a composite number?
False
Is 2180907406 prime?
False
Is 252288866527 a composite number?
False
Is 648503619 prime?
False
Is 174016397 composite?
True
Is 17682857219 prime?
False
Is 5145641015 prime?
False
Is 99624083629 composite?
True
Is 160410369011 prime?
True
Is 181961207 a composite number?
True
Is 549226291 composite?
False
Is 4460479717 composite?
False
Is 614028143 composite?
False
Is 625512571 a composite number?
True
Is 547815901 composite?
True
Is 1369226663 a prime number?
False
Is 5687829731 a composite number?
True
Is 10915174979 a composite number?
True
Is 217240201 prime?
False
Is 1404474061 prime?
True
Is 11967006671 a composite number?
False
Is 42764413829 prime?
False
Is 19895658589 a composite number?
False
Is 75318023051 composite?
False
Is 4195988327 a prime number?
True
Is 10587774979 composite?
True
Is 10853756071 a prime number?
True
Is 583608743 a prime number?
True
Is 83372825383 prime?
False
Is 8653454009 composite?
False
Is 50689196999 a prime number?
False
Is 29873914454 a composite number?
True
Is 252147799 prime?
True
Is 996027833 composite?
False
Is 2447628809 composite?
True
Is 30635354011 a prime number?
False
Is 546462737 composite?
False
Is 462064039 prime?
False
Is 50341285133 a composite number?
False
Is 6104625973 a prime number?
False
Is 19389062167 a prime number?
True
Is 205357659391 a composite number?
False
Is 2611078007 composite?
False
Is 7460470229 a composite number?
True
Is 2682919267 prime?
False
Is 1303939121 a composite number?
True
Is 73222786049 a composite number?
True
Is 3140530831 prime?
False
Is 24373714817 a prime number?
True
Is 1483056161 prime?
True
Is 2542537979 a prime number?
True
Is 689028283 a prime number?
False
Is 1007990563 prime?
False
Is 3058615783 a prime number?
True
Is 9294776455 a prime number?
False
Is 19543414151 a composite number?
False
Is 25037646089 a prime number?
True
Is 113759222389 prime?
False
Is 7551653561 prime?
True
Is 1189686041 composite?
False
Is 27531053411 composite?
False
Is 1970060891 a composite number?
False
Is 22806464671 composite?
False
Is 2604030749 a prime number?
True
Is 2189336717 a composite number?
True
Is 188523229 prime?
False
Is 562591541 prime?
True
Is 6380058593 a composite number?
False
Is 2754433301 a prime number?
False
Is 138648847 a prime number?
False
Is 382703171 a prime number?
True
Is 4484638091 a prime number?
False
Is 41971014007 composite?
True
Is 30236533 a composite number?
False
Is 13408557251 prime?
True
Is 35334612629 composite?
True
Is 349574742401 a prime number?
True
Is 345756569 a prime number?
True
Is 10762973957 prime?
False
Is 53581265 prime?
False
Is 1163644987 a composite number?
True
Is 34417758889 composite?
True
Is 48661159243 prime?
False
Is 2988838387 a composite number?
False
Is 431153497 composite?
False
Is 4605006883 a prime number?
True
Is 912853589 composite?
False
Is 8465715407 composite?
False
Is 3092843227 a prime number?
False
Is 1370104922 a composite number?
True
Is 2375424731 a prime number?
True
Is 46758059 composite?
False
Is 32668898987 composite?
True
Is 14872539757 a composite number?
True
Is 37458178529 a composite number?
False
Is 4522685071 a prime number?
True
Is 184590546487 composite?
False
Is 5747199917 a composite number?
True
Is 11378351731 a composite number?
False
Is 24488487311 a composite number?
True
Is 2005842107 composite?
False
Is 71045680939 a prime number?
False
Is 1565915341 composite?
False
Is 4313574403 a composite number?
True
Is 9849016201 composite?
True
Is 12006478279 composite?
False
Is 28181323877 a prime number?
False
Is 1495401055 a composite number?
True
Is 2871262133 a composite number?
False
Is 4495949 a prime number?
False
Is 780883903 a prime number?
True
Is 13255377833 a composite number?
False
Is 1872252227 a composite number?
False
Is 2212615313 a composite number?
True
Is 6611067649 a prime number?
False
Is 1698337631 a composite number?
False
Is 17365733057 a composite number?
False
Is 1485312953 a composite number?
False
Is 36271495549 a prime number?
False
Is 84582837761 a composite number?
False
Is 84876758927 a composite number?
False
Is 3857398079 prime?
True
Is 2130053717 prime?
False
Is 4687029049 prime?
True
Is 28732743161 a prime number?
True
Is 6082879091 a prime number?
False
Is 2957658411 a composite number?
True
Is 385620107 composite?
True
Is 2250271753 a prime number?
True
Is 356817817 a composite number?
False
Is 60195094987 a composite number?
False
Is 60366809 a prime number?
True
Is 615131537 composite?
False
Is 5706810809 a composite number?
True
Is 2043247853 composite?
False
Is 37731648719 prime?
False
Is 13872716773 composite?
False
Is 27479391157 a prime number?
False
Is 6412720631 a composite number?
False
Is 1155960371 composite?
False
Is 5122831069 composite?
False
Is 5163543169 prime?
True
Is 576730241 a prime number?
False
Is 1376068583 prime?
True
Is 14354792857 prime?
True
Is 548060141 prime?
True
Is 19377505919 a prime number?
True
Is 1838370067 a prime number?
True
Is 2371631989 a prime number?
True
Is 2662798463 a composite number?
True
Is 67111865609 composite?
False
Is 107794286983 composite?
False
Is 5640271619 a prime number?
False
Is 30948762535 prime?
False
Is 92170137979 a composite number?
True
Is 111762901973 a composite number?
True
Is 212316143 a composite number?
True
Is 839899241 a composite number?
False
Is 9058724611 prime?
False
Is 79172567 prime?
True
Is 2913746459 a composite number?
True
Is 3842113889 a composite number?
True
Is 5688701605 a composite number?
True
Is 656085761 a composite number?
False
Is 1389449617 composite?
True
Is 8747251813 prime?
True
Is 354356801 prime?
False
Is 1177497743 composite?
False
Is 186866537509 composite?
False
Is 58497268211 a prime number?
False
Is 7606058069 composite?
True
Is 41160196523 a prime number?
True
Is 19153439 a composite number?
True
Is 450549347 composite?
False
Is 92612119 a prime number?
False
Is 3475087381 prime?
True
Is 457669547 prime?
True
Is 2481547091 composite?
False
Is 808561716787 composite?
True
Is 1864473733 composite?
False
Is 1657660079 composite?
False
Is 22057714747 prime?
True
Is 3591799031 a prime nu